actors of 79506767.
79506767
What are the prime factors of 76091463?
3, 7, 157
What are the prime factors of 14797272?
2, 3, 7, 88079
List the prime factors of 1689576072.
2, 3, 1811, 38873
What are the prime factors of 417236444?
2, 191, 739
What are the prime factors of 7340428634?
2, 7, 11, 97, 70199
What are the prime factors of 208549223?
53, 71, 157, 353
What are the prime factors of 260189635?
5, 101, 515227
List the prime factors of 144689073.
3, 48229691
What are the prime factors of 32587201?
32587201
List the prime factors of 177781429.
7, 25397347
What are the prime factors of 448571690?
2, 5, 7, 17, 59, 6389
List the prime factors of 698353856.
2, 10911779
List the prime factors of 232870189.
232870189
List the prime factors of 103701809.
103701809
What are the prime factors of 248938825?
5, 43, 231571
What are the prime factors of 36120903?
3, 7, 13, 17, 43, 181
List the prime factors of 1856179732.
2, 11, 42185903
What are the prime factors of 667911991?
43, 167, 281, 331
List the prime factors of 590178739.
29, 20350991
What are the prime factors of 858875477?
10883, 78919
What are the prime factors of 39033270?
2, 3, 5, 433703
List the prime factors of 66229914.
2, 3, 11038319
List the prime factors of 315425500.
2, 5, 13, 48527
List the prime factors of 6171613.
7, 23, 38333
What are the prime factors of 318828024?
2, 3, 23, 192529
What are the prime factors of 1213161442?
2, 617, 983113
What are the prime factors of 191399334?
2, 3, 7, 61, 74707
What are the prime factors of 4280335015?
5, 11, 41, 1898153
List the prime factors of 40537250.
2, 5, 13, 12473
List the prime factors of 94722259.
41, 643, 3593
What are the prime factors of 40609394?
2, 7, 829, 3499
What are the prime factors of 196946048?
2, 13, 71, 1667
What are the prime factors of 3894222778?
2, 1947111389
What are the prime factors of 94622065?
5, 383, 49411
What are the prime factors of 1396935776?
2, 43654243
List the prime factors of 1923872892.
2, 3, 19, 181, 46619
What are the prime factors of 407208384?
2, 3, 11, 37, 193
List the prime factors of 19347475.
5, 7, 110557
What are the prime factors of 171031648?
2, 5344739
What are the prime factors of 340093815?
3, 5, 79, 286999
What are the prime factors of 435650573?
435650573
What are the prime factors of 32909242?
2, 151, 108971
List the prime factors of 122940885.
3, 5, 31, 419, 631
List the prime factors of 839445696.
2, 3, 1457371
What are the prime factors of 168046529?
7, 137, 25033
What are the prime factors of 183560525?
5, 7342421
What are the prime factors of 763884384?
2, 3, 7957129
List the prime factors of 379492199.
163, 2328173
What are the prime factors of 495508037?
495508037
What are the prime factors of 1736375904?
2, 3, 1741, 3463
List the prime factors of 773881791.
3, 29, 83, 107171
List the prime factors of 251169102.
2, 3, 383, 36433
What are the prime factors of 41708472?
2, 3, 13, 37, 3613
What are the prime factors of 80414822?
2, 5107, 7873
List the prime factors of 223348640.
2, 5, 307, 4547
What are the prime factors of 16927311?
3, 1301, 4337
List the prime factors of 43231629.
3, 7, 17, 83, 1459
What are the prime factors of 477280442?
2, 238640221
What are the prime factors of 104919645?
3, 5, 401, 17443
What are the prime factors of 2504342343?
3, 834780781
List the prime factors of 122721483.
3, 40907161
List the prime factors of 2778655.
5, 11, 19, 2659
List the prime factors of 6894126895.
5, 1378825379
List the prime factors of 727101838.
2, 31, 11727449
What are the prime factors of 555590995?
5, 47, 293, 8069
What are the prime factors of 1067367603?
3, 31, 47, 113, 2161
What are the prime factors of 67299911?
7, 47, 337, 607
What are the prime factors of 2212629289?
13, 149, 87869
List the prime factors of 52365352.
2, 13, 233, 2161
What are the prime factors of 58434126?
2, 3, 9739021
What are the prime factors of 65571411?
3, 71, 83, 3709
List the prime factors of 44162189.
44162189
List the prime factors of 74914230.
2, 3, 5, 71, 35171
What are the prime factors of 765987469?
13, 23, 29, 88339
What are the prime factors of 908887282?
2, 454443641
What are the prime factors of 132391131?
3, 44130377
List the prime factors of 134004657.
3, 44668219
What are the prime factors of 224256684?
2, 3, 18688057
List the prime factors of 131570836.
2, 89, 369581
What are the prime factors of 45218320?
2, 5, 7, 80747
What are the prime factors of 2569797444?
2, 3, 214149787
What are the prime factors of 3068370950?
2, 5, 5437, 11287
List the prime factors of 615651570.
2, 3, 5, 2280191
What are the prime factors of 110153518?
2, 71, 775729
What are the prime factors of 168508701?
3, 19, 43, 7639
What are the prime factors of 71623228?
2, 41, 436727
What are the prime factors of 1503147792?
2, 3, 37, 331, 2557
What are the prime factors of 51701332?
2, 23, 727, 773
List the prime factors of 1212463297.
12377, 97961
What are the prime factors of 229531279?
229531279
What are the prime factors of 1441501610?
2, 5, 1381, 104381
List the prime factors of 1814019476.
2, 17, 23, 68227
List the prime factors of 63699413.
443, 143791
What are the prime factors of 4625925?
3, 5, 37, 1667
List the prime factors of 855076374.
2, 3, 173, 274591
What are the prime factors of 136415987?
229, 595703
What are the prime factors of 53790986?
2, 26895493
List the prime factors of 261645466.
2, 19, 6885407
What are the prime factors of 34768895?
5, 7, 993397
What are the prime factors of 52528213?
52528213
What are the prime factors of 44430180?
2, 3, 5, 17, 43, 1013
List the prime factors of 48586921.
48586921
List the prime factors of 7518180.
2, 3, 5, 125303
List the prime factors of 2183784257.
6971, 313267
What are the prime factors of 49884964?
2, 151, 82591
List the prime factors of 1019577800.
2, 5, 421, 12109
What are the prime factors of 161182422?
2, 3, 277, 32327
List the prime factors of 1163232019.
523, 2224153
What are the prime factors of 30671041?
30671041
What are the prime factors of 119395873?
1613, 74021
What are the prime factors of 1816298513?
17, 37, 167, 17291
What are the prime factors of 157839467?
97, 101, 16111
What are the prime factors of 4634186?
2, 73, 31741
List the prime factors of 612418603.
612418603
List the prime factors of 80085244.
2, 20021311
List the prime factors of 827252642.
2, 413626321
What are the prime factors of 3798134894?
2, 157, 12095971
What are the prime factors of 427951170?
2, 3, 5, 4755013
List the prime factors of 394510296.
2, 3, 17, 966937
List the prime factors of 59689932.
2, 3, 41, 121321
List the prime factors of 562334290.
2, 5, 7, 1147621
List the prime factors of 651021501.
3, 13, 16692859
What are the prime factors of 28143545?
5, 881, 6389
What are the prime factors of 441119744?
2, 13, 2549
List the prime factors of 226595248.
2, 11, 117043
List the prime factors of 199022980.
2, 5, 13, 139, 5507
List the prime factors of 2056681929.
3, 9851, 69593
What are the prime factors of 34150417?
7, 41, 257, 463
List the prime factors of 2234107404.
2, 3, 62058539
What are the prime factors of 342316637?
13, 37, 73, 9749
What are the prime factors of 2770258331?
61, 45414071
List the prime factors of 32541762.
2, 3, 11, 239, 2063
List the prime factors of 446651023.
7, 13, 701179
List the prime factors of 1314608560.
2, 5, 61, 269387
What are the prime factors of 4281834588?
2, 3, 356819549
List the prime factors of 2354761822.
2, 7, 89, 1009, 1873
List the prime factors of 54212075.
5, 2168483
List the prime factors of 625977365.
5, 13, 9630421
What are the prime factors of 23549967?
3, 7, 53, 2351
What are the prime factors of 70474707?
3, 17, 460619
What are the prime factors of 142989997?
2557, 55921
What are the prime factors of 1426004023?
1426004023
What are the prime factors of 42628164?
2, 3, 3552347
What are the prime factors of 16316588?
2, 1307, 3121
List the prime factors of 63686599.
63686599
What are the prime factors of 4146097542?
2, 3, 31, 149, 149603
List the prime factors of 37899876.
2, 3, 7, 53, 8513
What are the prime factors of 87614082?
2, 3, 1622483
What are the prime factors of 405877793?
251, 1617043
List the prime factors of 278142190.
2, 5, 29, 661, 1451
List the prime factors of 31938724.
2, 79